{"id":339,"date":"2026-02-25T18:26:07","date_gmt":"2026-02-25T18:26:07","guid":{"rendered":"https:\/\/www.chiro4health.de\/?page_id=339"},"modified":"2026-04-22T20:59:50","modified_gmt":"2026-04-22T20:59:50","slug":"impressum-26","status":"publish","type":"page","link":"https:\/\/www.chiro4health.de\/?page_id=339","title":{"rendered":"Impressum 26"},"content":{"rendered":"<p><span><a href=\"https:\/\/www.chiro4health.de\"><img decoding=\"async\" alt=\"\" data-id=\"391\" width=\"146\" data-init-width=\"1257\" height=\"24\" data-init-height=\"210\" title=\"\" loading=\"lazy\" src=\"https:\/\/www.chiro4health.de\/wp-content\/uploads\/2026\/04\/Export_Anpassung_Logo-Schnitt1.png\" data-width=\"146\" data-height=\"24\" style=\"aspect-ratio: auto 1257 \/ 210;\" data-link-wrap=\"true\"><\/a><\/span><span><a href=\"https:\/\/www.chirofamily.de\/\"><img decoding=\"async\" alt=\"\" data-id=\"391\" width=\"130\" data-init-width=\"1257\" height=\"30\" data-init-height=\"210\" title=\"\" loading=\"lazy\" src=\"https:\/\/www.chiro4health.de\/wp-content\/uploads\/2026\/04\/Export_Anpassung_Logo-Schnitt1.png\" data-width=\"130\" data-height=\"30\" style=\"aspect-ratio: auto 1257 \/ 210;\" data-link-wrap=\"true\"><\/a><\/span><\/p>\n<p style=\"text-align: left;\"><span style=\"\">Impressum<\/span><\/p>\n<p style=\"text-align: left;\">Angaben nach \u00a75 DDG<\/p>\n<p style=\"text-align: left;\">Ute Da\u00dfler<br \/>Chiropraktik Peine Ute Da\u00dfler<\/p>\n<p style=\"text-align: left;\"><\/p>\n<p style=\"text-align: left;\"><strong>Praxisanschrift:<\/strong><\/p>\n<p style=\"text-align: left;\">M\u00f6desser Weg 32<\/p>\n<p style=\"text-align: left;\">31224 Peine<\/p>\n<p style=\"text-align: left;\"><\/p>\n<p style=\"text-align: left;\"><strong>Postanschrift:<br \/><\/strong>Twieholzkamp 36<br \/>31224 Peine<\/p>\n<p><strong>Kontakt<\/strong><br \/>Telefon: +49 5171 5825756<br \/>E-Mail: info@chiro4health.de<\/p>\n<p><strong>Aufsichtsbeh\u00f6rde<\/strong><br \/>Gesundheitsamt Landkreis Peine,<br \/>Fachdienst Gesundheitsamt<br \/>31224 Peine<br \/>Maschweg 21<\/p>\n<p>https:\/\/www.landkreis-peine.de\/index.php?object=tx,3583.1.1&amp;ModID=9&amp;FID=1241.810.1<\/p>\n<p><strong>Berufsbezeichnung und berufsrechtliche Regelungen<br \/><\/strong>Berufsbezeichnung:<br \/>Heilpraktiker<\/p>\n<p>Zust\u00e4ndige Kammer:<br \/>Zust\u00e4ndige Aufsichtsbeh\u00f6rde:<br \/>Gesundheitsamt Landkreis Peine, Fachdienst Gesundheitsamt<br \/>31224 Peine, Maschweg 21<\/p>\n<p>Verliehen in: Deutschland<\/p>\n<p>Tag der amts\u00e4rztlichen \u00dcberpr\u00fcfung: 13.06.2013<\/p>\n<p>Beh\u00f6rdliche Erlaubnis durch Gesundheitsamt in: Salzgitter<\/p>\n<p><strong>Es gelten folgende berufsrechtliche Regelungen:<br \/><\/strong><br \/>Berufsverbandsmitgliedschaft in:<br \/>Bund Deutscher Heilpraktiker BDH e.V.,<br \/>Mitgliedsnummer Berufsverband: 106676,<\/p>\n<p>Berufsordnung: Nachzulesen im Internet unter<br \/>einsehbar unter: https:\/\/www.bdh-online.de\/wp-content\/uploads\/2015\/08\/Berufsordnung-Heilpraktiker_2015_210x297_20150814.pdf<\/p>\n<p>Rechtsgrundlage der Heilpraktikert\u00e4tigkeit, Heilpraktikergesetz und Durchf\u00fchrungsverordnung:Nachzulesen im Internet unter<br \/>einsehbar unter: http:\/\/www.gesetze-im-internet.de\/heilprg\/index.html<\/p>\n<p>sowie einsehbar unter: http:\/\/www.gesetze-im-internet.de\/heilprgdv_1\/index.html<\/p>\n<p><strong>Angaben zur Berufs\u00adhaftpflicht\u00adversicherung<br \/><\/strong>Name und Sitz des Versicherers:<br \/>Servicecenter Gewerbe<br \/>Haftpflicht 2<br \/>Ruhrallee 92<br \/>44139 Dortmund<\/p>\n<p>Geltungsraum der Versicherung:<br \/>Deutschland<\/p>\n<p><strong>EU-Streitschlichtung<br \/><\/strong>Die Europ\u00e4ische Kommission stellt eine Plattform zur Online-Streitbeilegung (OS) bereit: https:\/\/ec.europa.eu\/consumers\/odr\/.<br \/>Unsere E-Mail-Adresse finden Sie oben im Impressum.<\/p>\n<p><strong>Verbraucher\u00adstreit\u00adbeilegung\/Universal\u00adschlichtungs\u00adstelle<br \/><\/strong>Wir sind nicht bereit oder verpflichtet, an Streitbeilegungsverfahren vor einer Verbraucherschlichtungsstelle teilzunehmen.<\/p>\n<p style=\"text-align: left;\"><strong>Urheberrecht<\/strong><br \/>Die Inhalte dieser Website (Texte, Konzeption und Struktur) wurden von ChiroConnect erstellt und sind urheberrechtlich gesch\u00fctzt.<br \/>Die Nutzung oder Vervielf\u00e4ltigung \u2013 auch auszugsweise \u2013 ist ohne vorherige schriftliche Zustimmung nicht gestattet.<\/p>\n<p style=\"text-align: center;\"><span style=\"\">Ute Da\u00dfler&nbsp;<\/span><span style=\"\">|<\/span><span style=\"\">Praxis chiro4health&nbsp;<\/span><span style=\"\">|<\/span><span style=\"\"> <\/span><span style=\"\">Twieholzkamp 36<\/span><span style=\"\">| <\/span><span style=\"\">31224 Peine<\/span><\/p>\n<p><span><img decoding=\"async\" alt=\"\" data-id=\"391\" width=\"189\" data-init-width=\"1257\" height=\"32\" data-init-height=\"210\" title=\"\" loading=\"lazy\" src=\"https:\/\/www.chiro4health.de\/wp-content\/uploads\/2026\/04\/Export_Anpassung_Logo-Schnitt1.png\" data-width=\"189\" data-height=\"32\" style=\"aspect-ratio: auto 1257 \/ 210;\"><\/span><\/p>\n<p style=\"\">Sanfte, individuell abgestimmte Chiropraktik<\/p>\n<p style=\"\">f\u00fcr mehr Gesundheit in unserer Region.<\/p>\n<p style=\"text-align: left; color: rgb(252, 252, 252) !important; --tcb-applied-color: rgb(252, 252, 252) !important;\"><span style=\"--tcb-applied-color: rgb(252, 252, 252) !important;\">Informationen<\/span><\/p>\n<p style=\"\"><a href=\"#tve-jump-19c95be737b\" style=\"outline: none;\">M\u00f6gliche Effekte<\/a><\/p>\n<p style=\"color: rgb(252, 252, 252) !important; --tcb-applied-color: rgb(252, 252, 252) !important;\"><a href=\"#tve-jump-19c95bea048\" style=\"outline: none;\">Beschwerdebilder<\/a><\/p>\n<p style=\"color: rgb(252, 252, 252) !important; --tcb-applied-color: rgb(252, 252, 252) !important;\"><a href=\"#tve-jump-19c95becb3f\" style=\"outline: none;\">Unser Ansatz<\/a><\/p>\n<p style=\"color: rgb(252, 252, 252) !important; --tcb-applied-color: rgb(252, 252, 252) !important;\"><a href=\"#tve-jump-19c95bf0759\" style=\"outline: none;\">\u00dcber uns<\/a><\/p>\n<p style=\"\"><a href=\"#tve-jump-19c95bf36cb\" style=\"outline: none;\">H\u00e4ufig gestellte Fragen<\/a><\/p>\n<p style=\"text-align: left;\"><span style=\"\">Kontakt<\/span><\/p>\n<p style=\"\">Twieholzkamp 36<\/p>\n<p style=\"\">31224 Peine<\/p>\n<p style=\"\">\u00a9 Praxis chiro4health. Konzeption &amp; Text: ChiroConnect.<\/p>\n<p style=\"text-align: right;\"><a href=\"https:\/\/www.chiro4health.de\/?page_id=339\" target=\"_blank\" style=\"outline: none;\">Impressum<\/a> | <a href=\"https:\/\/www.chiro4health.de\/?page_id=343\" target=\"_blank\" style=\"outline: none;\">Datenschutzerkl\u00e4rung<\/a><\/p>\n","protected":false},"excerpt":{"rendered":"<p>Impressum Angaben nach \u00a75 DDG Ute Da\u00dflerChiropraktik Peine Ute Da\u00dfler Praxisanschrift: M\u00f6desser Weg 32 31224 Peine Postanschrift:Twieholzkamp 3631224 Peine KontaktTelefon: +49 5171 5825756E-Mail: info@chiro4health.de Aufsichtsbeh\u00f6rdeGesundheitsamt Landkreis Peine,Fachdienst Gesundheitsamt31224 PeineMaschweg 21 https:\/\/www.landkreis-peine.de\/index.php?object=tx,3583.1.1&amp;ModID=9&amp;FID=1241.810.1 Berufsbezeichnung und berufsrechtliche RegelungenBerufsbezeichnung:Heilpraktiker Zust\u00e4ndige Kammer:Zust\u00e4ndige Aufsichtsbeh\u00f6rde:Gesundheitsamt Landkreis Peine, Fachdienst Gesundheitsamt31224 Peine, Maschweg 21 Verliehen in: Deutschland Tag der amts\u00e4rztlichen \u00dcberpr\u00fcfung: 13.06.2013 Beh\u00f6rdliche Erlaubnis [&hellip;]<\/p>\n","protected":false},"author":1,"featured_media":0,"parent":0,"menu_order":2,"comment_status":"closed","ping_status":"closed","template":"","meta":{"footnotes":"","tve_updated_post":"","tve_custom_css":"","tve_user_custom_css":"","tve_globals":{},"tcb2_ready":1,"tcb_editor_enabled":1,"tve_landing_page":"blank_v2","_tve_header":"0","_tve_footer":"0"},"class_list":["post-339","page","type-page","status-publish","hentry","post-wrapper","thrv_wrapper"],"_links":{"self":[{"href":"https:\/\/www.chiro4health.de\/index.php?rest_route=\/wp\/v2\/pages\/339","targetHints":{"allow":["GET"]}}],"collection":[{"href":"https:\/\/www.chiro4health.de\/index.php?rest_route=\/wp\/v2\/pages"}],"about":[{"href":"https:\/\/www.chiro4health.de\/index.php?rest_route=\/wp\/v2\/types\/page"}],"author":[{"embeddable":true,"href":"https:\/\/www.chiro4health.de\/index.php?rest_route=\/wp\/v2\/users\/1"}],"replies":[{"embeddable":true,"href":"https:\/\/www.chiro4health.de\/index.php?rest_route=%2Fwp%2Fv2%2Fcomments&post=339"}],"version-history":[{"count":7,"href":"https:\/\/www.chiro4health.de\/index.php?rest_route=\/wp\/v2\/pages\/339\/revisions"}],"predecessor-version":[{"id":396,"href":"https:\/\/www.chiro4health.de\/index.php?rest_route=\/wp\/v2\/pages\/339\/revisions\/396"}],"wp:attachment":[{"href":"https:\/\/www.chiro4health.de\/index.php?rest_route=%2Fwp%2Fv2%2Fmedia&parent=339"}],"curies":[{"name":"wp","href":"https:\/\/api.w.org\/{rel}","templated":true}]}}